 21. Let o be (-8)/t*(-35)/14. Let d(r) = -5*r**3 - 4*r**2 - 5*r + 7. Let j(g) = -4*g**3 - 4*g**2 - 4*g + 6. Let n(w) = 5*d(w) - 6*j(w). Give n(o).
5
Let h be (-40)/(-16)*12/(-10). Let g(o) = 2*o - 6 + 0*o + 2 + o**2. Determine g(h).
-1
Suppose 4*q - 23 = -5*x, 2*q = 4*x - 3*x + 1. Let w(o) = -x*o + 4*o + 7 - 2*o. What is w(3)?
4
Let i(v) = 3*v - 2*v**3 + 4 - v**3 + v**2 + 2*v**3. Let o be (-55)/33 + (-1)/3. Let z be (6 + o)/(20/15). Give i(z).
-5
Let x(r) = -r**2 - 7*r + 8. Suppose -3*h = c + 5, 0 = 2*c + 9*h - 6*h + 13. Give x(c).
0
Let d(t) = -t**3 + 3*t**2 - 2*t. Let i(s) = s - 4. Let y be i(7). What is d(y)?
-6
Let q(f) = 8 + 8*f - 7 - 6*f. Give q(-1).
-1
Let u(f) = 3*f - 3. Let j(q) = 4*q - 4. Let w(a) = 4*j(a) - 5*u(a). Let x(s) = s**2 + 5. Let y(d) = -4*w(d) - x(d). What is y(-3)?
2
Let j = 23 + -33. Let w = -9 - j. Let o(m) = 4*m**3 - m**2 - m + 1. Calculate o(w).
3
Let g(z) = -3*z**2 - z + 5. Let s(x) = 4*x**2 + 2*x - 6. Let r(k) = -5*g(k) - 4*s(k). Calculate r(-1).
1
Let v be (-34)/(-6) + (-13)/(-39). Suppose -16*u + v = -15*u. Let s(g) = -g + 9. Give s(u).
3
Let x(t) = -t + 2*t + 4 + 3*t + t**2. Suppose -3*n - 7 - 2 = 0. Determine x(n).
1
Let j(l) be the first derivative of -l**2/2 + l - 2. Let i = -8 + 4. Let x be (10/4)/(i/(-8)). Calculate j(x).
-4
Let r(i) = -3*i + 14. Let q(a) = 5*a - 21. Let v(c) = -5*q(c) - 8*r(c). Give v(-4).
-3
Let n = -2 + 6. Let d(m) = -m**3 - 3*m**2 + 3*m - 8. Let r(i) = i**3 - i**2 + 1. Let h(w) = d(w) + 2*r(w). What is h(n)?
-10
Let u(a) = -4*a - 2. Let k be (-3)/15 - (-18)/(-10). Let c be u(k). Let d = -3 + c. Let m(b) = b - 1. Give m(d).
2
Let q = -17 + 9. Let p = q - -11. Let s(n) = -n**3 + 4*n**2 - 2*n + 4. Determine s(p).
7
Let v(j) = 4*j - 11. Let p = 77 - 69. Determine v(p).
21
Let u be (-11)/(-3) - 6/(-18). Let c(i) = i**2 - 6*i + 3. What is c(u)?
-5
Let g be (2 + -10)*(-12)/(-24). Let k(r) = r**2 + 4*r + 1. What is k(g)?
1
Let p(o) = 31*o - 1. Suppose 2*t - 5*t + 3 = 0. Calculate p(t).
30
Let w(b) = b**3 + 2*b - 4 + 3*b**2 - 7*b**2 + 0*b**3. Suppose -8 = -4*k, -4*s - k - 2*k + 2 = 0. Let j = 3 - s. What is w(j)?
4
Let b be (-52)/(-6) - (-10)/(-15). Let m(n) = -n**3 + 9*n**2 - 8*n. Determine m(b).
0
Let a(o) be the third derivative of o**5/30 + o**4/12 + o**3/3 + 2*o**2 - 7*o. Determine a(-2).
6
Let r(z) = z + 2. Let k = 12 - 10. Let j = k + 2. Suppose -j*l - 21 = -i, 26 + 19 = -5*l + 5*i. Give r(l).
-2
Let y(l) = -3*l**2 + l - 1. Let a(f) = 9*f**2 - 3*f + 3. Let z(x) = 6*a(x) + 17*y(x). Let n(w) be the first derivative of z(w). Calculate n(-1).
-7
Let b(v) = -v**2 + 6*v + 6. Let s = -2 + 1. Let f(k) = k**2 - 1. Let n(l) = s*b(l) - 2*f(l). Determine n(-4).
4
Let o(t) be the first derivative of t**4/4 - t**2/2 + 6*t + 4. Give o(0).
6
Let f(n) = n**2 - 6*n + 8. Let m(h) = h - 2. Let y be m(8). Give f(y).
8
Let l be (12/(-14))/((-3)/42). Let n(r) = -5*r**2 + 0*r + r**2 - 3*r + 5 + l*r**3 - 11*r**3. Give n(4).
-7
Let l(t) be the second derivative of t**5/20 + t**4/12 - t**3/6 - 23*t**2/2 - 3*t. Give l(0).
-23
Suppose -40 + 0 = -10*c. Let y(m) be the first derivative of 0*m + 3/2*m**2 + c + 1/3*m**3. Calculate y(-3).
0
Suppose 0 = 2*f - 4*y + 10 + 2, -3*f = 3*y - 18. Let r(x) = 2 + 0*x + 0*x - f*x. What is r(3)?
-4
Let q = -3 + 11. Let p be 2/(-8) + 18/q. Let h(w) = 2 - 7 + p*w + 0. Calculate h(4).
3
Suppose -49*c + 40*c + 45 = 0. Let w(n) = -n. Calculate w(c).
-5
Let v(x) = -x**3 - 5*x**2 - 5*x - 1. Let n be v(-4). Let y(q) = -q**3 + 28*q**2 - n - 28*q**2 + 5. Let a be 8/(-20)*(0 - -5). Calculate y(a).
10
Let c(a) = a**2 + a - 2. Let h(l) = -l**2 + 1. Let f be h(-1). Let j = f + 2. Give c(j).
4
Let n(h) = h**3 - 3*h**2 - h - 1. Let o be 5 + -2 + 4/2. Suppose 5*l = 3*k - 22, o*l = -k - 2 - 4. Determine n(k).
11
Let c(t) be the third derivative of -t**9/60480 + t**8/5040 + t**7/1008 + t**6/180 + t**5/15 - 3*t**2. Let q(s) be the third derivative of c(s). What is q(5)?
4
Suppose 0 = 4*s - 8, r - 5 = -5*s + 8. Let u(y) = -y**2 + 2*y - 2. What is u(r)?
-5
Let f be (22/4)/((-3)/(-6)). Let x = f + -5. Let c(s) = -s - 6. Determine c(x).
-12
Let q(c) be the first derivative of c**7/840 + 5*c**4/24 + 4*c**3/3 - 7. Let d(g) be the third derivative of q(g). Calculate d(0).
5
Let r(p) be the second derivative of p**3/3 + 3*p**2/2 - 29*p. Calculate r(6).
15
Let l(f) = -3*f + 4. Let u(y) = -8*y + 13. Let v(b) = 17*l(b) - 6*u(b). Calculate v(-7).
11
Let s(x) = x**3 + x**2 + x - 3. Let l(t) = 2*t + 2*t - 3*t + 0 - 3. Let u be l(3). What is s(u)?
-3
Let y = -6 - -1. Suppose 0 = -2*u + 1 + 5. Let j(g) = 5*g + 5 - g + 0*g - u*g. Give j(y).
0
Let r(i) = -i - 4. Let b be r(-8). Suppose -b*u - 14 = j, j = 5*j + 2*u. Let q(a) = 0*a + 2 - 3*a + 0*a - a**j. Calculate q(-3).
2
Let d(j) = 4 - 5 - j + 3. Let r(g) = g. Let v = 7 - 4. Let l be r(v). What is d(l)?
-1
Let r(i) = -2*i**2 - 3*i + 4. Let j = 80 - 83. Calculate r(j).
-5
Let a(i) be the third derivative of -i**4/12 + i**3/3 + 3*i**2. Suppose -10 = l - 4*l + 2*d, 5*l = 3*d + 17. Calculate a(l).
-6
Suppose 2*q - 16 = 4*q. Let k(x) be the second derivative of -x**4/12 - 4*x**3/3 + x**2 + 2*x. Let d be k(q). Let n(g) = -2*g - 1. Give n(d).
-5
Let j be -1 - (-1 + 0) - -2. Let i(n) = -n**2 - 1 - 6*n + 1 - 2 + 8*n. Give i(j).
-2
Let a(g) = 2*g - 5*g**2 + 4*g**2 - 1 + g**3 + 3*g**2. Let u = 5 + -5. Suppose -5*f + u*f = 10. Give a(f).
-5
Let w(b) be the third derivative of 0*b - 1/12*b**4 + 1/3*b**3 + 0 + 1/60*b**5 - 2*b**2. What is w(3)?
5
Suppose 0 = z + c, -3*z + z - 4*c - 8 = 0. Suppose -8 = -2*g - z*r, 3*g - 5*g = -r + 2. Let t = 3 + g. Let b(u) = -u**2 + 3*u - 2. What is b(t)?
-2
Let h(f) = 0 + f - 3*f - 1. Let m(k) = -2*k - 6. Let c be m(-4). Calculate h(c).
-5
Let u(o) = -o**3 - 4*o**2 - 4*o - 3. Suppose 5 = -4*q - 3. Let k be (q - 0) + (3 - 3). Give u(k).
-3
Let f(h) = -h**3 - h**2 - h - 2. Let q = -28 - -25. Determine f(q).
19
Suppose 6*w = 3*w + 9. Let m be w/1 + -2 - -1. Let x(i) = i**2 + 3*i - 3. What is x(m)?
7
Let t(z) = z**2 - 9*z + 10. Let w(d) = 2*d**2. Let x be w(-2). Let p be t(x). Let h(q) = 2*q + 0*q**2 + 3 + 3*q**p - 4*q**2. Calculate h(3).
0
Let a be 2/14 + (-192)/(-28). Let j(i) = 2*i**2 + i**2 - 7*i**2 - a*i**2. Let y = 1 + -2. Give j(y).
-11
Let u = 16 - 21. Let q(j) = j**3 + 4*j**2 - 7*j. What is q(u)?
10
Let g(u) = -u**3 + u. Let n(f) = -5*f**3 - 5*f**2 + 1. Let q(m) = -6*g(m) + n(m). What is q(6)?
1
Let u = 9 + -6. Let f(t) = 0*t**2 + 1 - 2*t**2 - t + u*t**2. What is f(4)?
13
Let j(t) = -2*t**3 - t**2 + t - 2. Let y = 135 + -137. Determine j(y).
8
Let x(i) = i**3 + i - 4. Let s be x(2). Let n(w) = 4*w - 5 - w - s*w + w**2. Give n(5).
5
Suppose 4*f - 23 = -5*z, 6 = 5*z - 2*f - 5. Let k(l) be the third derivative of l**4/24 + l**3/3 + l**2. What is k(z)?
5
Suppose -p + 3*p = -32. Let y = -14 - p. Let b(r) = 4*r - 3. Calculate b(y).
5
Suppose -21 = 5*w - 0*w - 4*t, 5*w = -5*t + 15. Let s(m) = 11*m**2 + m. Give s(w).
10
Let g(u) = -8*u - 1. Let i be (0 - 2)*(-2)/(-4). What is g(i)?
7
Let i = 19 + -17. Let j be 2 + (i - (-1 - -4)). Let q(t) = 7*t - 1. Calculate q(j).
6
Let q(k) = 0 - 50*k**3 + 4*k**2 + 2 + 49*k**3 + 1 - 3*k. What is q(3)?
3
Let d = 41 + -38. Let o(c) = 6*c + 2. Let m(a) = -7*a - 3. Let f(r) = 5*m(r) + 6*o(r). Give f(d).
0
Let k(m) be the second derivative of -2/3*m**3 + 0 + 1/2*m**2 - 5*m. Suppose -1 = 2*w - 3. What is k(w)?
-3
Let s(o) = o**3 - 5*o**2 - 4*o - 8. Let n be s(6). Suppose 3*g - n*g = -6. Let a(i) = -i**2 + 6*i - 6. What is a(g)?
-6
Let a(n) = n**2 - 6*n - 4. Let h be a(7). Let p(g) = -g**3 + 4*g**2 - 2*g + 4. Determine p(h).
7
Let j(t) be the first derivative of -t**3/3 - 3*t**2/2 + 7*t - 2. Let k(l) = -2*l**2 - 7*l + 15. Let u(s) = 5*j(s) - 2*k(s). Give u(-4).
-7
Let r(b) = -b**3 - 10*b**2 + 11*b - 3. Let k = 5 - 16. Calculate r(k).
-3
Let m(n) be the second derivative of -n**3/6 + 3*n**2/2 + n. Let h be 2/((-6)/(-93)) - 3. Let i = h - 28. What is m(i)?
3
Let y be 174/36 + (-1)/(-6). Let k(m) = -2*m + m - 2 + 0*m**2 + 4*m**2 - y*m**2. Let i = 2 - 4. What is k(i)?
-4
Let t(a) = -7*a**2 + 4*a - 2. Let l(c) = -13*c**2 + 8*c - 3. Let q(h) = 6*l(h) - 11*t(h). Give q(4).
4
Let r(v) = 5*v. Let f(q) = 4*q + 9. Let m(h) = -11*h - 26. Let y(j) = 2*j**2 + 1. Let w be y(1). Let z(s) = w*m(s) + 8*f(s). Let p be z(-5). Determine r